 3*a - m*a + 13775. Is a a prime number?
False
Let q(a) = a - 12. Let l be q(15). Suppose 0 = -4*k - l*v + 36 + 1408, k - 342 = 4*v. Suppose -2*s - k = -z, -2*z + 5*z - 1074 = -5*s. Is z a prime number?
False
Is (-8 + 620150/8)*-2*70/(-5) a prime number?
False
Let x(w) = -w**2 - 3*w. Let u be x(0). Suppose u*p = 5*p - 3110. Suppose -4*o + p = 3*l, 4*o + 2*l = 2*o + 310. Is o prime?
True
Let u(t) = -44*t**2 - 95*t - 12. Let w be u(-9). Let p = -1264 - w. Is p prime?
False
Let f = 1815 + -1228. Let s be 12/(-10) - 10/(-50). Is f/1 + s + 1 a composite number?
False
Suppose -4*u - 3*z - 4 = 0, z = 5*u + 5*z + 4. Let f be u/2 + 0 - -8. Is ((-4753)/21)/((-2)/f) prime?
False
Let r(d) = 5449*d - 542. Is r(27) prime?
True
Suppose -4*d + 61143 = q, -4*q + 131*d = 130*d - 244657. Is q a prime number?
False
Suppose 2*k - 7958 = 4*d, -3*k + 19955 = 2*k + 2*d. Suppose -k = -s + 4*a, s + 4*s = -a + 19861. Is s prime?
False
Let f = -108601 - -158960. Is f prime?
True
Suppose 0*k + 5*k + 6 = -3*q, 0 = q + 5*k + 12. Suppose -q*o = -8566 - 4193. Is o a prime number?
True
Let k = 56625 + -29756. Is k a prime number?
False
Suppose 0 = k - 7*b + 4*b - 92537, 0 = 5*k + 4*b - 462723. Let a = -31260 + k. Is a composite?
False
Suppose -1640 = -11*a + 7*a. Let g(u) = -252*u**2 + 5*u - 6. Let r be g(1). Let s = r + a. Is s a composite number?
False
Suppose 0 = -2*o + 4*x - 14, -2*o - 20*x - 6 = -16*x. Is (o - -2)*(-1774)/3 a composite number?
True
Let d(k) = 2861*k + 6. Let g be d(-1). Let l(y) = 7*y**3 - 7*y**2 + 7*y - 6. Let a be l(-6). Let h = a - g. Is h composite?
True
Let c = -545819 + 978816. Is c composite?
True
Let f(r) = -2*r - 42. Let d be f(-18). Is 3*((-1565)/d + 39/(-26)) a composite number?
True
Let u = 122592 - 48715. Is u prime?
True
Let u be 0/((-3)/((-3)/2)). Let t = u + 5. Suppose t*x - 1533 - 692 = 0. Is x a prime number?
False
Let u(h) = -25*h - 16. Let d be u(-3). Let v = 62 - d. Let k(b) = 78*b + 17. Is k(v) composite?
False
Let g(q) = -24 - 70 + 27*q + 12 + 6. Is g(10) a prime number?
False
Suppose -172*s + 98*s = -49755898. Is s a composite number?
False
Let x(i) = 17093*i**2 - 50*i - 484. Is x(-9) a composite number?
False
Suppose 3 = -5*u + 5*i - 2, 4*i - 8 = 3*u. Suppose -u*g - 801 = -8557. Is g a prime number?
False
Let j be (-1207469)/(-152) + (-1)/(-8). Suppose 4*u + 2252 = j. Is u prime?
True
Let q(z) = 4*z**3 - 12*z**2 + 11*z - 23. Let r be q(10). Let i = 4949 - r. Is i composite?
True
Let r = 60800 + 305766. Is r a composite number?
True
Let f = -1110 + -2158. Let i = 4811 + f. Is i composite?
False
Let i be 27/((-6)/(-16)*-4). Is 36588/8 + 9/i prime?
False
Let o = -24 + 30. Suppose 5*q - 3*d = 535, 79 = q + o*d - d. Suppose -3*u - q = -2861. Is u composite?
False
Let q = -3395 + -5144. Let v = -4677 - q. Let d = v + -1257. Is d prime?
False
Let a(k) = k. Let i(y) be the first derivative of -7*y**2/2 - 139*y + 40. Let x(r) = -5*a(r) - i(r). Is x(0) a composite number?
False
Suppose -54*i - 363430 = -64*i. Let c = -25578 + i. Is c prime?
False
Is 2/(-10) + (354504/(-70))/((-182)/7007) composite?
False
Suppose 8*u - 1728573 = 7*u + 4*x, -4*x = -5*u + 8642897. Is u composite?
False
Suppose 54*i + 5884 = 56*i. Let f = 2873 + i. Is f prime?
False
Suppose 4*c + 5*o - 15 = 0, -24 = -12*c + 8*c + 4*o. Suppose -c*h + 8856 = 581. Is h prime?
False
Is (-3)/((-9)/12) - (155466 - -1)*-1 a composite number?
True
Suppose -1558 = -3*h - 7471. Let l = 1436 - h. Is l a composite number?
False
Let d be (-1)/((-4)/((-24)/3)). Let r be (d + 7/2)/((-42)/(-112)). Suppose r*g + 3*s - 2387 = 2102, 5*g - 5614 = -s. Is g composite?
False
Let m be (-1216)/(-10)*(-15 - -345). Suppose u - 3*u = a - m, -5*a + 80262 = 4*u. Is u composite?
False
Let j(m) = -2*m + 4. Let d be j(3). Let r be -4 - ((1 - d) + -4). Is 1 - r - (1 - (-4 + 9792)) a prime number?
True
Suppose -3*n + 172*v + 124065 = 170*v, 2*v + 165424 = 4*n. Is n prime?
False
Let k(p) = 54*p**2 - 20*p. Let f be k(-7). Suppose -f = -3*m - 713. Suppose -9*n + m = -1550. Is n a composite number?
True
Is ((-48)/(-72))/(10/311835) a prime number?
True
Let x be (1 - 156615/10)/((-12)/24). Suppose -2*j + 78303 = 5*f, 2*f + j = -0*j + x. Is f prime?
True
Let g = 29 + -27. Let a(w) = 2*w**2 - 4*w - 1. Let l be a(-2). Suppose 0 = -5*s - g*f + 409 + 540, -l = 5*f. Is s a composite number?
False
Let v(t) = t**3 + 34*t**2 + 49*t + 581. Is v(-32) a prime number?
True
Let d be 84/(-98) - 552/42. Is 1 + 20/d - 1623206/(-91) composite?
False
Suppose -5*l + 4*l + 1 = 0. Is l*(-3602)/(-2 + 0) a prime number?
True
Let h = 22463 - -40596. Is h composite?
False
Suppose -i - 6*l + 8*l + 4 = 0, 0 = -3*i + 4*l + 18. Suppose i*h = 8*h + 2426. Is h a composite number?
False
Suppose 0 = s + 3*p - p - 6638, 5*s - 3*p = 33190. Suppose y = -0*y - c + s, 5*y = -c + 33186. Is y composite?
False
Let d = 592312 + -419079. Is d a composite number?
True
Suppose -2*f - 13267 - 375 = 5*p, p = 3*f - 2725. Let j = p - -6834. Is j composite?
True
Let z = -2624 + 6336. Let t = z + 2209. Is t composite?
True
Let q be 946 - 4*3*(-5)/20. Suppose -m - 3*m = 2*h - 770, -2*h - q = -5*m. Is m a composite number?
False
Let h(r) = r**3 - 7*r**2 + 8*r + 1. Let x be -5 - (-3 + -1) - -1*5. Let m be h(x). Let d = m + 86. Is d a composite number?
False
Suppose -4*s - 2*x = -230178 + 57262, 43234 = s - 2*x. Suppose 0 = 3*y + 12, 3*a - s - 12451 = y. Is a composite?
True
Suppose -2*h + 2*q - 2338 = 0, -3*q + 3446 - 9283 = 5*h. Let n = h + 9777. Is n a composite number?
False
Let v(l) = l**2 + 11*l + 26. Let d be v(-6). Let x be 545 + (d - -3 - -1)/(-1). Suppose -u + 171 = -3*n, -4*u = 3*n - x - 169. Is u a composite number?
True
Let o(m) = 406*m**2 - 76*m - 655. Is o(-8) prime?
False
Suppose 648484 + 1535329 = 123*b - 1166584. Is b a composite number?
False
Let d(f) = -f**3 - 4*f**2 + 6*f. Let o be d(-5). Let k be (o - 1)*(-4)/8. Suppose 0 = 2*i - 2*a - 1764, -24*i = -19*i + k*a - 4450. Is i a prime number?
True
Let n(d) = 494*d**2 + 2*d - 38. Let k be n(-6). Let p = k + -10739. Is p composite?
True
Let o(f) = -12*f**3 - f. Let u be o(-1). Let r(m) = -23 + 5 + 5*m + 5*m**2 - 3*m. Is r(u) a composite number?
False
Suppose -8*c + 1568 = -17968. Suppose -4*f + 13014 = c. Is f a prime number?
False
Let y(a) be the second derivative of a**4/3 - 8*a**3/3 + 61*a**2/2 - 52*a. Is y(-26) prime?
True
Let b(j) = -40622*j - 2881. Is b(-7) a prime number?
False
Let u = 16 - -178. Let z = u - 15. Is z a composite number?
False
Suppose q = 17 + 9. Suppose 0 = -q*z + 25*z + 595. Suppose -6*n + n = -z. Is n composite?
True
Let h(t) = -t**2 - 13*t + 2. Suppose -5*m - 80 = -2*b - 3*b, -4 = m + 3*b. Let g be h(m). Suppose 63 = 2*r + 5*y, 0*y = 3*r + g*y - 111. Is r a prime number?
False
Let r = 1 - -2. Suppose -v + 4*k - 17 = 0, v - 4 = -6*k + r*k. Is (-1907)/v - (-2)/(-5) composite?
True
Suppose 4*l + 5*p = -15, -12 = l + 3*p - 3. Suppose l*h + 36732 = 4*r - 4*h, 0 = -2*r + h + 18364. Is r a composite number?
False
Let k(s) = -2*s**3 - 3*s**2 + 39*s + 602779. Is k(0) a composite number?
False
Let s = -5507 - -19030. Is s composite?
False
Suppose 12 + 33 = 9*m. Suppose -m*l + 1455 = 5*x, -6*l = -x - l + 291. Is x a composite number?
True
Let w(c) = c**2 + 4*c - 38. Suppose 2*u + 5*v = -102 - 5, v = 5. Let p = u - -83. Is w(p) a composite number?
True
Is 19999/3 + 1278/1917 a prime number?
False
Suppose 17 - 2 = 3*d. Suppose 3*y + 1160 = -d*a + 5541, -2*a = -5*y + 7281. Is y prime?
False
Let c = 68 - 64. Suppose -3*s + 2504 = 2*u - 11041, -3*s - c*u + 13551 = 0. Is s a composite number?
False
Suppose 4*r = -2*r + 54. Suppose 13*x - 20 = r*x. Suppose x*w - 914 = -199. Is w a prime number?
False
Let z = 37869 + -14026. Is z a prime number?
False
Suppose 0 = -2*x - 3*y - 6, 0 = -2*x - 2*y + 5*y + 18. Suppose -r = -5*g - 3237, -x*g = 2*r - 7*g - 6486. Is r a prime number?
False
Suppose 0*f + 30248 = 4*b + 4*f, -5*f - 37840 = -5*b. Let r = b - 15288. Is (-3)/(12/r) + (-13)/(-52) a composite number?
False
Suppose h - 6 = -2*h + 2*t, -4*t = 4*h - 28. Suppose h*g + 20955 = 5*k - g, k + 3*g - 4187 = 0. Let z = 8437 - k. Is z a prime number?
False
Let q = -2939 + 2019. Let i = -69 - q. Is i a composite number?
True
Suppose 5*j - 27 = -12. Suppose -2*o - 5*y - 7883 = -j*o, 4*o + 4*y = 31628. Is 